*v - 42 = s. Suppose -j + u + 47 = 0. What is the units digit of j?
7
Let w(c) = 7*c**2 + 11*c. Let d be w(-2). Let l(b) = 7*b**3 + 2*b**2 - 10*b + 18. What is the thousands digit of l(d)?
1
Let p = 36065 - 18877. What is the ten thousands digit of p?
1
Let q(s) = 11*s - 80. Let z be q(11). Let u be 99/(-12) - (-1)/4. Let c = u + z. What is the units digit of c?
3
Suppose -3*f + f + 140 = 0. Suppose -4*x = 3*k + 240, 5*x + 3*k + 126 + 171 = 0. Let o = x + f. What is the units digit of o?
3
Suppose -5*a + 315 = -5*v, a - 3*a = 2*v + 134. What is the hundreds digit of (-24219)/v + (-3)/5 - 2?
3
Suppose -2*m - 6*x = -2*x - 32, 0 = -3*m + 4*x + 38. Let q be 76 - -1*2/8*0. What is the tens digit of 7*12/m*q/6?
7
Let k(b) = -97*b**3 + 3*b**2 - 7*b - 12. What is the hundreds digit of k(-3)?
6
Let c(x) = -x + 14. Let h(b) = 1. Let l(g) = -c(g) + 4*h(g). Let k be l(-8). What is the tens digit of k/((6/90)/((-4)/10))?
0
Let q = 201 + 112. Suppose q = 6*u - 197. Let a = 23 + u. What is the hundreds digit of a?
1
Let z = 96979 + -63273. What is the thousands digit of z?
3
Let n be 9/(-2)*(0 + -2). Let y be ((-1)/(n/30))/((-3)/9). What is the hundreds digit of (8/y)/((6/1800)/1)?
2
Let c be (13/(-26))/((-1)/146). Suppose -2*k + 70 = 4*p, -12 = -2*p - 2*k + 20. Let m = c - p. What is the tens digit of m?
5
Let z(x) be the third derivative of x**7/240 + 17*x**6/720 - 3*x**5/20 + 27*x**2. Let n(s) be the third derivative of z(s). What is the units digit of n(8)?
5
What is the tens digit of 168/576*-8 + (-90877)/(-3)?
9
Suppose -2*q + 0*q + 5*i + 4 = 0, 2*i - 32 = -4*q. Suppose -q*x - 6*x = -5733. What is the tens digit of x?
4
Suppose 17 = 4*z - 4*k - 59, 73 = 4*z - 3*k. Suppose 2*l = z - 10. Suppose -3*q = -l*a - 585, -a - 2*a = -4*q + 783. What is the tens digit of q?
9
What is the units digit of 8 + (52220 + -10 - 0 - (-6 - -2))?
2
Let f = 10232 + 3744. What is the tens digit of f?
7
Let m be -3 - 13/((-65)/(-210)). Let h = -43 - m. Suppose 4*v - 242 = -h*z, -2*v + v = 5*z - 74. What is the tens digit of v?
5
Let y = -50082 - -85633. What is the tens digit of y?
5
Suppose 1226*x = 1176*x + 2102800. What is the ten thousands digit of x?
4
Suppose 4*z - g + 9 = -25, 2*z + 6 = -5*g. What is the units digit of (-24)/18*-9*(-444)/z?
6
What is the thousands digit of (-3059286)/(-84) + 1164/168 + -7?
6
Suppose -3*v - 13 = -2*o + 22, 3*o - 90 = -3*v. Suppose o*u = 20*u + 25. Suppose -2*h + y + 19 = -20, -2*h = u*y - 21. What is the units digit of h?
8
Let a = -91950 - -129438. What is the hundreds digit of a?
4
Let s be (-9)/(54/29946) - 1. What is the units digit of (-12)/3 - s/13?
0
Suppose 4*i = -8*i - 48. What is the tens digit of 7/7 + 652 - i?
5
Let q = 627 + -231. Suppose 2*o + o + q = 0. Let k = -13 - o. What is the tens digit of k?
1
Let w = 190 + 847. Suppose 0 = 4*l - i - w, 2*l + 346 = -4*i + 860. What is the tens digit of l?
5
Let c(f) = 20*f - 5. Let w be (-16)/6*(-27)/12. Suppose i = -2*q + w + 8, -2*i + 33 = 5*q. What is the units digit of c(q)?
5
Let p(d) = 7 - 3*d**2 - 20 + 5 + 7 + 21*d. Let q(b) = 4*b - 10. Let j be q(4). What is the tens digit of p(j)?
1
Let i(l) = l**3 - 51*l**2 - 60*l + 276. What is the tens digit of i(54)?
8
Suppose 61*x - 815525 + 315228 = 3038435. What is the ten thousands digit of x?
5
Suppose -13 = y + 7. Let g be ((-32)/(-6))/(y/(-1050)). Suppose 5*m = 4*v + 349, -5*v = -4*m - 2*v + g. What is the units digit of m?
3
Suppose 92014 = 3*k - l, 2*k - 3*l + 23209 - 84561 = 0. What is the units digit of k?
0
Let g = -7 - -83. Suppose 0 = -3*r + g - 34. What is the tens digit of r?
1
Suppose 2*m = -6, 5*m - 2*m - 1 = -2*b. Let f be -2*(-4)/16 + b/2. Suppose j - 520 = -4*h, -f*h + 8*h + 2*j = 653. What is the tens digit of h?
2
Let d(v) = 19*v**2 - 219*v - 117. What is the hundreds digit of d(55)?
3
Suppose -5*d - 4*g + 1065 = -9*g, 0 = 3*d - 5*g - 633. Let c be 2 + 2 - (-21 - -19). Suppose -c*y - d = -15*y. What is the units digit of y?
4
Let n(b) = 16 + 384*b - 450*b - 141. What is the hundreds digit of n(-7)?
3
Suppose -810 = -3*g - c + 617, 4*c - 2383 = -5*g. Let w = 416 + g. What is the hundreds digit of w?
8
Suppose 4*s - 15*s = 0. Let q be (-1601)/7 - s - (-2)/(-7). Let r = -111 - q. What is the tens digit of r?
1
Let q be -15482 - 1/(-1)*(-4 + 6). What is the units digit of (-9)/21 - q/105?
7
Let k(d) = -d**3 + 5*d**2 + 7*d + 3. Let w be k(6). Let u = -4 + w. Suppose -4*s - 756 = -4*j, 0*j + 571 = 3*j - u*s. What is the units digit of j?
7
Let c(k) = -50*k - 67. Let p be c(-11). Suppose -3*u + p = 20*u. What is the tens digit of u?
2
Let b(i) = -345*i + 6808. What is the tens digit of b(-56)?
2
Let x be (1/2 - 68/(-24))*3. Let b = 3 - x. What is the units digit of ((-2)/b)/((-12)/(-168))?
4
Let v be (-62)/(-93) + 274/(-6). Let q(u) = -u**3 - 43*u**2 + 54*u + 157. What is the hundreds digit of q(v)?
7
Suppose 0*p = -p + 67. Let h = p + 337. Suppose -19*d = -23*d + h. What is the hundreds digit of d?
1
Let j = -56 - -32. Let h be (120/28 - 4) + j/(-14). Suppose h*s - 170 = 18. What is the tens digit of s?
9
Suppose 14*n - 19*n = -1705. Suppose n = 10*q - 29. What is the tens digit of q?
3
Let g be 0*2*(-1)/6. Suppose g = -9*u + 8*u + 4. Suppose 0 = -4*r + 3*q + 267, -5*q + 51 = u*r - 208. What is the units digit of r?
6
Let s be (-4*8/6)/(2/(-6)). Let n be (-1)/(44/s - 3). What is the hundreds digit of (-1 - 470)*(-8)/96*n?
1
Let s = 71083 - 23595. What is the units digit of s/62 + 42/651?
6
Let c(o) = -9*o**2 - 12*o + 10. Let m(g) = 10*g**2 + 13*g - 10. Let j(q) = -5*c(q) - 4*m(q). What is the tens digit of j(6)?
1
Let h = 61 - 57. Suppose 2*n = 3*w - 949, 1589 = 4*w + w + h*n. What is the units digit of w?
7
Let t(l) = -2*l**3 + 142*l**2 + 175*l + 66. What is the hundreds digit of t(70)?
1
Suppose 2*t + 2*t = 16. Suppose t*d - 3*x - 115 = 140, d - x - 63 = 0. Suppose -y + d = 9. What is the tens digit of y?
5
Let l(g) = -53*g**3 + 3*g**2 + 4*g + 4. Let y be l(-2). What is the hundreds digit of 24/6 + 5 + y?
4
Let c(r) = -58*r - 40. Let n be c(-4). Suppose -2*j = 5*o - 1655, -3*o + j - n + 1174 = 0. What is the tens digit of o?
2
Let v(l) = 3*l**2 - 5*l + 18. Let t(p) = 3*p**2 - 5*p + 18. Let q(z) = -5*t(z) + 6*v(z). What is the tens digit of q(-4)?
8
Let z = 378 - 363. Suppose 3*r - j - 2995 = 160, -z = 3*j. What is the tens digit of r?
5
Let r(s) = -10*s**3 + s**2 - 16*s + 7. Let c be r(-5). What is the tens digit of (c/(-4))/(1/(-2))?
8
Suppose -r - o = 1743 - 7257, -2*r = 4*o - 11036. What is the hundreds digit of r?
5
Let f = 4973 + -2381. What is the units digit of f?
2
Suppose -282096 - 215257 = -123*j - 99694. What is the thousands digit of j?
3
Let x = 39 + -43. Let c = x + 7. Suppose -3*o = -16 + 1, 0 = -4*u + c*o + 77. What is the units digit of u?
3
Let h = -276 - -694. Suppose -6*i + 74 + h = 0. What is the tens digit of i?
8
Let c be (-2)/(-16) - (-34230)/336. Suppose 0 = 5*l - c + 17. What is the tens digit of l?
1
Let m = -13233 + 18974. What is the hundreds digit of m?
7
Let q(b) = 12*b**3 - 7*b**2 + 98*b - 484. What is the units digit of q(5)?
1
Suppose 4*h + 5*s + 3292 = 0, 0 = 2*h - s + 2*s + 1640. Let r = -368 - h. Suppose 7*o + r = 16*o. What is the units digit of o?
0
Let r = 864 - 810. Suppose -i + r + 142 = 0. What is the hundreds digit of i?
1
Suppose 18*d - 73 = -1. Suppose -d*g + 2664 = -472. Suppose 371 + g = 5*f. What is the tens digit of f?
3
Let c(h) = -13218*h**3 + 4*h**2 + 2*h - 2. Let j be c(-1). Suppose 13*q - j + 192 = 0. What is the hundreds digit of q?
0
Let v be (-26558)/(-21) + (-2)/(-6). Let j = v + -569. What is the hundreds digit of j?
6
What is the thousands digit of (-49)/(8232/112) - (-315808)/6?
2
Suppose -4*h - 4 + 12 = 0. Suppose 0 = h*p - o - 585, -1461 = -5*p - 0*o + 3*o. What is the hundreds digit of p?
2
What is the hundreds digit of (477 - -2)/1*43?
5
Suppose 5*a - 13 + 28 = 0. Let c(x) = -100*x + 25. What is the hundreds digit of c(a)?
3
Let x(z) = -2*z**2 + 64*z - 345. Let o be x(25). Let w = 0 - -4. Let g = w + o. What is the units digit of g?
9
Let o(q) = -q**2 - 2*q - 3. Let i be o(0). What is the hundreds digit of ((-21)/(-7))/(i/(-623)) - -4?
6
Let p = 8459 + -2401. What is the tens digit of p?
5
Suppose -18 = 3*s - 9. What is the tens digit of (-12 - 51